

{"id":505,"date":"2019-03-27T10:59:10","date_gmt":"2019-03-27T08:59:10","guid":{"rendered":"https:\/\/www.fm2r.fr\/?page_id=505"},"modified":"2023-07-09T09:42:01","modified_gmt":"2023-07-09T08:42:01","slug":"test-psychotechniques","status":"publish","type":"page","link":"https:\/\/www.fm2r.fr\/?page_id=505","title":{"rendered":"Tests Psychotechniques"},"content":{"rendered":"<div class=\"wp-block-image\">\n<figure class=\"aligncenter is-resized\"><img loading=\"lazy\" decoding=\"async\" src=\"https:\/\/www.fm2r.fr\/wordpress\/wp-content\/uploads\/2019\/03\/test-psychotechnique-matrice-7.jpg\" alt=\"\" class=\"wp-image-506\" width=\"334\" height=\"294\" srcset=\"https:\/\/www.fm2r.fr\/wordpress\/wp-content\/uploads\/2019\/03\/test-psychotechnique-matrice-7.jpg 300w, https:\/\/www.fm2r.fr\/wordpress\/wp-content\/uploads\/2019\/03\/test-psychotechnique-matrice-7-1x1.jpg 1w\" sizes=\"auto, (max-width: 334px) 100vw, 334px\" \/><\/figure>\n<\/div>\n\n\n<p>D\u00e9couvrez nos tests psychotechniques : trouvez la date et le lieu qui vous conviennent !<\/p>\n\n\n\n<p>Vous avez besoin de passer un test psychotechnique ? Ne cherchez plus ! Chez nous, vous pouvez le faire lors de nos stages organis\u00e9s dans les d\u00e9partements du 02, 60, 80 et 62.<\/p>\n\n\n\n<p>Depuis le d\u00e9cret du 22 janvier 2016, une nouvelle r\u00e9glementation exige que toute personne dont le permis de conduire a \u00e9t\u00e9 annul\u00e9, invalid\u00e9 ou suspendu pendant une dur\u00e9e de 6 mois ou plus, passe un examen psychotechnique. Nous sommes l\u00e0 pour vous aider \u00e0 r\u00e9ussir cette \u00e9tape importante.<\/p>\n\n\n\n<p>Le co\u00fbt du test psychotechnique est de seulement 120 EUR, toutes taxes comprises. Nos psychologues sont agr\u00e9\u00e9s par la Pr\u00e9fecture et vous accompagneront tout au long du processus. Le test sera sp\u00e9cialement choisi et adapt\u00e9 \u00e0 votre profil, en prenant en compte vos aptitudes et votre aisance avec l&rsquo;outil informatique, par exemple.<\/p>\n\n\n\n<p>La r\u00e9servation est simple : consultez notre calendrier de stages sur notre site web (lien ci-dessous) et choisissez la date et le lieu qui vous conviennent le mieux. Lors de la r\u00e9servation, n&rsquo;oubliez pas de pr\u00e9ciser ces informations pour votre test psychotechnique.<\/p>\n\n\n\n<p>Vous avez des questions ou vous souhaitez prendre rendez-vous directement ? Vous pouvez contacter nos psychologues au 06.67.00.44.72 ou au 06.99.26.64.55. Ils se feront un plaisir de vous aider.<\/p>\n\n\n\n<p>Si vous pr\u00e9f\u00e9rez r\u00e9server et payer votre test en ligne, utilisez le bouton ci-dessous et suivez les \u00e9tapes simples. C&rsquo;est rapide et pratique !<\/p>\n\n\n\n<p>N&rsquo;attendez plus, prenez les devants et r\u00e9ussissez votre test psychotechnique avec nous. Nous sommes l\u00e0 pour vous accompagner tout au long du processus.<\/p>\n\n\n\n<p> <div class=\"wpsc_product\"><div class=\"wp_cart_button_wrapper\"><form method=\"post\" class=\"wp-cart-button-form\" action=\"\" style=\"display:inline\" onsubmit=\"return ReadForm(this, true);\" ><input type=\"hidden\" id=\"_wpnonce\" name=\"_wpnonce\" value=\"37b0a37568\" \/><input type=\"hidden\" name=\"_wp_http_referer\" value=\"\/index.php?rest_route=%2Fwp%2Fv2%2Fpages%2F505\" \/><input type=\"submit\" class=\"wspsc_add_cart_submit\" name=\"wspsc_add_cart_submit\" value=\"R\u00e9server ce stage\" \/><input type=\"hidden\" name=\"wspsc_product\" value=\"Test psychotechnique agr\u00e9\u00e9\" \/><input type=\"hidden\" name=\"price\" value=\"120\" \/><input type=\"hidden\" name=\"shipping\" value=\"0\" \/><input type=\"hidden\" name=\"addcart\" value=\"1\" \/><input type=\"hidden\" name=\"cartLink\" value=\"https:\/\/www.fm2r.fr\" \/><input type=\"hidden\" name=\"product_tmp\" value=\"Test psychotechnique agr\u00e9\u00e9\" \/><input type=\"hidden\" name=\"product_tmp_two\" value=\"Test psychotechnique agr&eacute;&eacute;\" \/><input type=\"hidden\" name=\"item_number\" value=\"\" \/><div class=\"wpsc_add_cart_response_div\"><\/div><\/form><\/div><\/div> <br><\/p>\n","protected":false},"excerpt":{"rendered":"<p>D\u00e9couvrez nos tests psychotechniques : trouvez la date et le lieu qui vous conviennent ! Vous avez besoin de passer un test psychotechnique ? Ne cherchez plus ! Chez nous, vous pouvez le faire lors de nos stages organis\u00e9s dans les d\u00e9partements du 02, 60, 80 et 62. Depuis le d\u00e9cret du 22 janvier 2016, [&hellip;]<\/p>\n","protected":false},"author":1,"featured_media":0,"parent":129,"menu_order":0,"comment_status":"closed","ping_status":"closed","template":"","meta":{"footnotes":""},"class_list":["post-505","page","type-page","status-publish","hentry"],"_links":{"self":[{"href":"https:\/\/www.fm2r.fr\/index.php?rest_route=\/wp\/v2\/pages\/505","targetHints":{"allow":["GET"]}}],"collection":[{"href":"https:\/\/www.fm2r.fr\/index.php?rest_route=\/wp\/v2\/pages"}],"about":[{"href":"https:\/\/www.fm2r.fr\/index.php?rest_route=\/wp\/v2\/types\/page"}],"author":[{"embeddable":true,"href":"https:\/\/www.fm2r.fr\/index.php?rest_route=\/wp\/v2\/users\/1"}],"replies":[{"embeddable":true,"href":"https:\/\/www.fm2r.fr\/index.php?rest_route=%2Fwp%2Fv2%2Fcomments&post=505"}],"version-history":[{"count":7,"href":"https:\/\/www.fm2r.fr\/index.php?rest_route=\/wp\/v2\/pages\/505\/revisions"}],"predecessor-version":[{"id":2392,"href":"https:\/\/www.fm2r.fr\/index.php?rest_route=\/wp\/v2\/pages\/505\/revisions\/2392"}],"up":[{"embeddable":true,"href":"https:\/\/www.fm2r.fr\/index.php?rest_route=\/wp\/v2\/pages\/129"}],"wp:attachment":[{"href":"https:\/\/www.fm2r.fr\/index.php?rest_route=%2Fwp%2Fv2%2Fmedia&parent=505"}],"curies":[{"name":"wp","href":"https:\/\/api.w.org\/{rel}","templated":true}]}}