

{"id":25,"date":"2014-08-01T13:16:03","date_gmt":"2014-08-01T13:16:03","guid":{"rendered":"http:\/\/cluster007.ovh.net\/~fmrfrsuube\/wordpress\/?page_id=25"},"modified":"2023-07-08T13:59:00","modified_gmt":"2023-07-08T12:59:00","slug":"prestations-2-2","status":"publish","type":"page","link":"https:\/\/www.fm2r.fr\/?page_id=25","title":{"rendered":"Prestations"},"content":{"rendered":"<p>FM2R : Votre partenaire de formation sur mesure pour une s\u00e9curit\u00e9 routi\u00e8re optimale dans toute la France !<\/p>\n<p>Vous cherchez une r\u00e9ponse personnalis\u00e9e \u00e0 vos besoins de formation ?\u00a0 FM2R est l\u00e0 pour vous accompagner. Nous sommes sp\u00e9cialis\u00e9s dans les actions li\u00e9es \u00e0 la S\u00e9curit\u00e9 Routi\u00e8re, avec une approche novatrice : des interventions en entreprise qui sensibilisent et forment les conducteurs de toutes les cat\u00e9gories, en suivant le principe du <strong>Continuum Educatif<\/strong>.<\/p>\n<p>Mais ce n&rsquo;est pas tout ! Nous proposons \u00e9galement une gamme \u00e9tendue de prestations de services pour les centres de formations. Notre expertise couvre :<\/p>\n<p>&#8211; Formation pour toutes les cat\u00e9gories de conducteurs<br \/>\n&#8211; Pr\u00e9paration et formation des enseignants de la conduite (Titre Professionnel ECSR, ex-Bepecaser), avec les mentions 2 Roues et Groupe Lourd<br \/>\n&#8211; Formation des Formateurs d&rsquo;enseignants de la conduite et de la s\u00e9curit\u00e9 routi\u00e8re Titre Professionnel FMECSR, ex-BAFM)<br \/>\n&#8211; Animation de stages de sensibilisation \u00e0 la s\u00e9curit\u00e9 routi\u00e8re : r\u00e9cup\u00e9ration de points, mesures alternatives aux poursuites et peines compl\u00e9mentaires<br \/>\n&#8211; Capacit\u00e9 de gestion auto-\u00e9cole et stages de r\u00e9-actualisation des connaissances pour les exploitants<\/p>\n<p>De plus, nous proposons des formations initiales et continues sur la gestion technique et administrative (GTA) des stages de sensibilisation \u00e0 la s\u00e9curit\u00e9 routi\u00e8re, \u00e0 la fois pour les exploitants et les animateurs.<\/p>\n<p>Enfin, notre offre s&rsquo;\u00e9tend \u00e9galement aux formations post-permis, couvrant des sujets tels que l&rsquo;\u00e9co-conduite, la conduite rationnelle, la conduite pr\u00e9ventive, la s\u00e9curit\u00e9 et les nouvelles technologies, et bien plus encore !<\/p>\n<p>Nous mettons notre expertise \u00e0 votre disposition d\u00e8s maintenant pour r\u00e9pondre \u00e0 toutes vos questions et travailler ensemble pour trouver la meilleure approche pour atteindre vos objectifs de formation et de sensibilisation \u00e0 la s\u00e9curit\u00e9 routi\u00e8re, en r\u00e9pondant parfaitement aux besoins de vos clients ou de votre structure. Ne laissez pas passer cette opportunit\u00e9, contactez-nous d\u00e8s aujourd&rsquo;hui !<\/p>\n","protected":false},"excerpt":{"rendered":"<p>FM2R : Votre partenaire de formation sur mesure pour une s\u00e9curit\u00e9 routi\u00e8re optimale dans toute la France ! Vous cherchez une r\u00e9ponse personnalis\u00e9e \u00e0 vos besoins de formation ?\u00a0 FM2R est l\u00e0 pour vous accompagner. Nous sommes sp\u00e9cialis\u00e9s dans les actions li\u00e9es \u00e0 la S\u00e9curit\u00e9 Routi\u00e8re, avec une approche novatrice : des interventions en entreprise [&hellip;]<\/p>\n","protected":false},"author":1,"featured_media":0,"parent":0,"menu_order":0,"comment_status":"closed","ping_status":"closed","template":"","meta":{"footnotes":""},"class_list":["post-25","page","type-page","status-publish","hentry"],"_links":{"self":[{"href":"https:\/\/www.fm2r.fr\/index.php?rest_route=\/wp\/v2\/pages\/25","targetHints":{"allow":["GET"]}}],"collection":[{"href":"https:\/\/www.fm2r.fr\/index.php?rest_route=\/wp\/v2\/pages"}],"about":[{"href":"https:\/\/www.fm2r.fr\/index.php?rest_route=\/wp\/v2\/types\/page"}],"author":[{"embeddable":true,"href":"https:\/\/www.fm2r.fr\/index.php?rest_route=\/wp\/v2\/users\/1"}],"replies":[{"embeddable":true,"href":"https:\/\/www.fm2r.fr\/index.php?rest_route=%2Fwp%2Fv2%2Fcomments&post=25"}],"version-history":[{"count":13,"href":"https:\/\/www.fm2r.fr\/index.php?rest_route=\/wp\/v2\/pages\/25\/revisions"}],"predecessor-version":[{"id":2386,"href":"https:\/\/www.fm2r.fr\/index.php?rest_route=\/wp\/v2\/pages\/25\/revisions\/2386"}],"wp:attachment":[{"href":"https:\/\/www.fm2r.fr\/index.php?rest_route=%2Fwp%2Fv2%2Fmedia&parent=25"}],"curies":[{"name":"wp","href":"https:\/\/api.w.org\/{rel}","templated":true}]}}